{"id":321,"date":"2024-11-20T20:58:21","date_gmt":"2024-11-20T19:58:21","guid":{"rendered":"https:\/\/epawlinska.pl\/portfolio\/?post_type=product&#038;p=321"},"modified":"2024-11-20T20:58:21","modified_gmt":"2024-11-20T19:58:21","slug":"blue-nude-3-blekitny-akt-3","status":"publish","type":"product","link":"https:\/\/epawlinska.pl\/portfolio\/produkt\/blue-nude-3-blekitny-akt-3\/","title":{"rendered":"Blue nude 3 \/ B\u0142\u0119kitny akt 3"},"content":{"rendered":"<p>iron cast, various dimensions, Wroclaw, Poland, 2018<\/p>\n<p>odlew \u017celiwny, r\u00f3\u017cne wymiary, Wroc\u0142aw, Polska, 2018<\/p>\n","protected":false},"excerpt":{"rendered":"<p>iron cast, various dimensions, Wroclaw, Poland, 2018 odlew \u017celiwny, r\u00f3\u017cne wymiary, Wroc\u0142aw, Polska, 2018<\/p>\n","protected":false},"featured_media":67,"template":"","meta":[],"product_brand":[],"product_cat":[136,17],"product_tag":[],"class_list":{"0":"post-321","1":"product","2":"type-product","3":"status-publish","4":"has-post-thumbnail","6":"product_cat-blue-nude","7":"product_cat-scultptures-rzezby","9":"first","10":"instock","11":"shipping-taxable","12":"product-type-simple"},"_links":{"self":[{"href":"https:\/\/epawlinska.pl\/portfolio\/wp-json\/wp\/v2\/product\/321","targetHints":{"allow":["GET"]}}],"collection":[{"href":"https:\/\/epawlinska.pl\/portfolio\/wp-json\/wp\/v2\/product"}],"about":[{"href":"https:\/\/epawlinska.pl\/portfolio\/wp-json\/wp\/v2\/types\/product"}],"wp:featuredmedia":[{"embeddable":true,"href":"https:\/\/epawlinska.pl\/portfolio\/wp-json\/wp\/v2\/media\/67"}],"wp:attachment":[{"href":"https:\/\/epawlinska.pl\/portfolio\/wp-json\/wp\/v2\/media?parent=321"}],"wp:term":[{"taxonomy":"product_brand","embeddable":true,"href":"https:\/\/epawlinska.pl\/portfolio\/wp-json\/wp\/v2\/product_brand?post=321"},{"taxonomy":"product_cat","embeddable":true,"href":"https:\/\/epawlinska.pl\/portfolio\/wp-json\/wp\/v2\/product_cat?post=321"},{"taxonomy":"product_tag","embeddable":true,"href":"https:\/\/epawlinska.pl\/portfolio\/wp-json\/wp\/v2\/product_tag?post=321"}],"curies":[{"name":"wp","href":"https:\/\/api.w.org\/{rel}","templated":true}]}}